et v(z) = 3*a(z) - 5*t(z). Give v(4).
7
Let s(j) = -j**2 - 7*j + 3. Let f be s(-7). Let v(n) = -n + 1. Let i(h) = 3*h - 2. Let k(y) = -2*i(y) - 2*v(y). What is k(f)?
-10
Let m(p) be the second derivative of p**3/3 - 5*p**2 + 7*p. Calculate m(8).
6
Let w(d) be the second derivative of -d**3/6 + 7*d**2 + 13*d. Calculate w(6).
8
Suppose 7*i = 4*i - 21. Let b(n) = -n - 2. What is b(i)?
5
Let n(k) = 2 - k**2 - k - 6 + 0. Let a(c) = -2*c - 3. Let v be a(-2). Let i be v*(-1 + (3 - 2)). Give n(i).
-4
Let r(f) = f**2 - 3*f - 7. Let s be (-14 + -1)/(2 - 3). Suppose 4*z - s = z. Calculate r(z).
3
Let k = -23 + 26. Let z(s) = 4*s**3 + 2*s**2 - 19*s + 10. Let u(o) = -o**3 - o**2 + 6*o - 3. Let v(w) = 7*u(w) + 2*z(w). What is v(k)?
11
Let c be 1 - (0 + 1) - 0. Suppose c*z + 8 = 4*z. Let p(l) = -13 + 3*l**2 - 3*l - l**2 + 9 + 5. Calculate p(z).
3
Let p(a) = -3*a + 5. Let v(c) = -2 + 10*c - 14 + 2. Let k(z) = -7*p(z) - 2*v(z). What is k(0)?
-7
Let n(y) = -6*y - 1. Let f(a) = 5*a + 1. Let l(r) = 4*f(r) + 5*n(r). Determine l(1).
-11
Suppose -b = 3*b - 20. Let n = -2 + b. Let d(l) = l**2 + 0*l + l**n - 2*l + l. Calculate d(1).
1
Let r(p) = 7*p**3 - 11*p**2 + p - 12. Let u(g) = -6*g**3 + 10*g**2 - g + 11. Let y(i) = 5*r(i) + 6*u(i). Give y(5).
1
Let g(l) = -l - 16. Let w be g(-17). Let p(f) = 11*f**2 - 2*f + 1. Calculate p(w).
10
Let z(x) = -x**2 + 4*x - 5. Let j(w) = -16*w + 22 - 4 + 5*w**2 + 2. Let f(l) = -2*j(l) - 9*z(l). Give f(-4).
5
Let b be 7*(-2)/(-14)*(-1)/(-60). Let n(x) be the third derivative of 0*x + 0*x**4 + 0 + b*x**5 - 1/6*x**3 - 1/20*x**6 - 4*x**2. Give n(1).
-6
Let d(g) = g + 1. Let i(s) = 0*s**2 - s + 3*s**2 - 2 + 3. Let x be i(1). Let v be d(x). Let m(j) = j**2 - 5*j + 5. Calculate m(v).
1
Let k(z) = -7*z - 15. Let b(y) = -5*y + 5*y - 3*y - 7. Let p(d) = 5*b(d) - 2*k(d). What is p(-6)?
1
Let q(y) = y**3 - 3*y**2 - 3*y - 4. Let b be (-5 - (-87)/12)*(-8)/(-6). Give q(b).
-13
Suppose w = -0*w. Let r = 3 + w. Let y(o) = -2*o**3 - 2*o**2 + 0*o**2 + r*o**2. Give y(1).
-1
Let i(d) be the first derivative of d**2/2 - 3*d - 1. Suppose 0 = 3*h - x - 4, -x = 5*h + 4*x - 40. Give i(h).
0
Suppose 0*g - 1 = -g. Let f(p) = -p**3 + p**2 + p - 1. Let k(q) = -3*q**3 + 4*q**2 + 2*q - 7. Let z(b) = g*k(b) - 4*f(b). What is z(-2)?
-7
Let p(q) = q**2 + 7*q - 6. Let y be p(-8). Let h(t) = 71*t**y - t**3 + 8 - 70*t**2 - t + 2*t**3. Give h(0).
8
Suppose -3*b = -3*n, -n - b = 2*n - 12. Let p(i) = 0*i - i**2 + n*i**3 + i + 0*i. Determine p(1).
3
Let y(u) be the third derivative of 0*u**3 - 1/24*u**4 + 2*u**2 + 3/20*u**5 + 0*u + 0. What is y(-1)?
10
Let w(a) = -a - 42 + 2*a + 46 - 6*a. Give w(4).
-16
Let s(c) = c**2 + 8*c - 4. Let m = -70 - -61. Give s(m).
5
Let q(v) = v**3 + 3*v**2 + 1. Let z(p) = 3*p**3 + 6*p**2 + 3. Let h(d) = 5*q(d) - 2*z(d). Calculate h(2).
3
Suppose -4*g = -5*u - 5*g + 17, -2*u - 2 = -4*g. Suppose 0 = 5*y - 5*o - 45, -2*o - 4 = u*y - 6. Let n(l) = -l**2 - 3*l + 2*l**2 - 3 + 0*l. Determine n(y).
1
Let o(n) = n**2 + n - 11. Let h = -4 + 5. Let s = h + -1. Calculate o(s).
-11
Let k(c) = -11*c. Let r(y) = -10*y**3 - y**2 - y - 1. Let s be r(-1). Let z = -10 + s. What is k(z)?
11
Let q(c) = -c**3 + 4*c**2 + 7*c - 5. Let x(u) = -u - 6. Suppose 5*b + 47 = -8. Let a be x(b). Determine q(a).
5
Let p be (-19 - 10) + (1 - -3). Let t be ((-10)/p)/((-2)/10). Let h(i) = 2*i**2 - 1. What is h(t)?
7
Let h = 7375/24 - 307. Let x(n) be the third derivative of h*n**4 + 0 + 1/12*n**5 + 5/6*n**3 + 1/120*n**6 + 0*n + 3*n**2. Determine x(-4).
-7
Let i = -9 + 14. Suppose 8*o - 15 = i*o. Let p(u) = u**3 - 6*u**2 + 5*u + 1. Determine p(o).
1
Let v = -37 + 34. Let n(u) = u**2 + 2*u + 4. Give n(v).
7
Let n(p) = 3*p + 9. Let c(f) be the third derivative of -f**4/6 - 5*f**3/3 - 4*f**2. Let v(m) = 5*c(m) + 6*n(m). What is v(3)?
-2
Let j(q) = -4*q - 3. Let y(b) = 6*b - 53. Let h be y(8). What is j(h)?
17
Let u = -9 + 6. Let c(h) = -h**3 - 2*h**2 + 3*h + 1. Determine c(u).
1
Suppose w - 2*w + 5 = -2*t, 2*t - 3*w + 11 = 0. Let q(g) = g**3 - g**2 + 2*g + 4. Let r(s) = -s**2. Let d(k) = t*q(k) - 2*r(k). What is d(3)?
-10
Let a(t) be the third derivative of -t**5/60 + t**4/12 + t**3/2 - 9*t**2. Give a(3).
0
Let z(n) = 2*n + 6 - 2 - 5. Suppose 5 = -h - 0*h. What is z(h)?
-11
Suppose -4*p + 5*p = -3*g + 6, -15 = 5*p. Suppose -g*d = 3*b, -8 = -d + 4*d + 5*b. Let y(f) = 3*f + 5. Determine y(d).
17
Let r(t) be the second derivative of t**7/2520 + t**6/360 - t**5/40 - t**4/6 + 5*t. Let f(l) be the third derivative of r(l). Give f(-4).
5
Let d(m) = -m**2 + 15*m + 34. Let f be d(17). Let p(g) be the second derivative of -1/3*g**3 - 1/2*g**2 + f*g**4 - 2*g - 1/5*g**5 + 0. What is p(-1)?
5
Let q(d) be the second derivative of -d**6/720 - d**5/12 - 5*d**4/12 + 4*d. Let u(p) be the third derivative of q(p). Give u(-5).
-5
Let o(c) = -10*c - 5. Let z(n) = -n - 1. Let l(w) = o(w) - 5*z(w). What is l(1)?
-5
Suppose -2*u + 8 = 2. Suppose -5*z + 7 = 2. Let y(g) = -z + 3*g**2 + 0*g + u*g - g. Give y(1).
4
Let p(i) = -i**2 - 2*i + 1. Let b be (-18)/12*-14*1. Suppose 4*d = o - 16, -b = -0*o + 4*o + d. Calculate p(o).
-7
Let o(q) = 3*q + 1. Let i(h) = -h**3 + 6*h**2 + h - 4. Let w be i(6). Let a be 0/w - 1*-1. Let u = a - 0. What is o(u)?
4
Suppose -4*o - 11 = -59. Suppose 4*w - w = o. Let a(d) = 2*d + 1. Give a(w).
9
Let m = 6 + 1. Let w = 5 - m. Let j(t) = 2*t**2 + 3*t. Determine j(w).
2
Suppose -4*p + 6 = -6. Let y(v) be the second derivative of v**4/12 - v**3/2 - v**2/2 - v. Calculate y(p).
-1
Let d(n) = -n**2 + 5*n + 1. Let o = 9 + -3. Let j be d(o). Let i(c) be the second derivative of c**5/20 + c**4/2 + 5*c**3/6 + 5*c**2/2 - c. Give i(j).
5
Let w = 66 - 66. Let t(p) = -p**2 + p - 13. Determine t(w).
-13
Suppose 4*x + x = 0. Suppose -4*t - t = x. Let i(u) = u**3 - 3*u**2 - 2*u + 1 + 4*u**2 + t - 6*u**3. Determine i(1).
-5
Let p = -9 + 1. Let x = p + 4. Let k be (6/x)/(6/8). Let q(v) = -v**3 - 2*v**2. Determine q(k).
0
Let o(a) = 6 - 4*a**3 - a - 3*a**2 + 8*a + a**2 - 2*a**2. Let p(c) = -8*c**3 - 9*c**2 + 15*c + 13. Let m(b) = -13*o(b) + 6*p(b). Determine m(-1).
-5
Let t(s) be the second derivative of s**3/6 + 3*s**2/2 - 6*s. Suppose g = -2*f - 7 + 2, -f + 2*g + 10 = 0. Determine t(f).
3
Let d = 10 - 7. Let l(r) = 1 + 2*r**3 - 3*r**3 - 5*r**d - 2. Determine l(-1).
5
Suppose a - 14 = 2*y - 7*y, 0 = -4*y + 2*a. Let p(r) be the second derivative of 0 - 1/2*r**y - r - 2/3*r**3. Calculate p(-2).
7
Let i(b) = -2*b**2 - b - 2. Let l = -34 + 10. Let f = l + 21. Calculate i(f).
-17
Suppose -3*f + f - 10 = -4*o, 0 = o - f. Suppose -o*k = -k - 8. Let j(a) = k - 8*a - 2. Calculate j(-1).
8
Suppose 4*w - 2*w - 4 = 0. Let v(b) = -b**2 + 0*b**2 + w*b + 0 + 1 + 2*b**2. Give v(-2).
1
Let j(l) = 5*l**2 - 5*l - 4. Let y(i) = 5*i**2 - 6*i - 5. Let u(b) = -4*j(b) + 3*y(b). What is u(-1)?
-6
Let i be (1/2)/((9/12)/3). Let t(n) = 1 - 3*n + 4*n**2 + n**2 - 4*n**2. Calculate t(i).
-1
Let p be 5 + -1 + 1 + -5. Let x(g) be the third derivative of 1/30*g**5 + 0*g + 3*g**2 + 0*g**4 + p + 1/120*g**6 - 1/6*g**3. What is x(-1)?
0
Let r(p) = -p + 1. Let t(f) = -f - 4. Let b(i) = 2*r(i) - t(i). Give b(5).
1
Let c(o) = -o**2 + 6*o - 3. Let u be 8/1 + -11 + 7. Give c(u).
5
Let b(k) = k**2 - 13*k + 14. Let c be b(12). Let h(i) = 5*i**3 - 2*i**3 + 1 + c*i**2 + 0 + 2*i. What is h(-1)?
-2
Let i = -242 - -247. Let y(k) be the second derivative of -k**4/12 + 4*k**3/3 - 3*k**2 + k. Determine y(i).
9
Let c(o) = 6*o**2 + o + 2. Let q(x) = 7*x**2 + x + 2. Let b(i) = -6*c(i) + 5*q(i). Give b(-2).
-4
Let y(v) = -1 - 3 + 5 + 6*v. Let i(o) = -11*o - 1. Let f(d) = 4*i(d) + 7*y(d). Determine f(2).
-1
Let d(n) = n**3 + 8*n - 1 - 10*n**2 + 6*n**2 - 5*n. Determine d(2).
-3
Let j(x) = -x - 1. Let v be -6 - -8 - (0 - 0). Suppose 0 = -v*a - 3*a. What is j(a)?
-1
Let x be (14 - 9)*(-8)/10. Let t(b) = -b - 1. Let u(a) = a**2 + 11*a + 6. Suppose -5*w + 3 + 2 = 0. Let g(s) = w*u(s) + 5*t(s). Calculate g(x).
-7
Let a(b) be the third derivative of -b**4/24 + b**3 - 6*b**2. Calculate a(8).
-2
Let b(w) = -3*w**3 + 6*w**2 - 9*w. Let k(h) = -2*h**3 + 3*h**2 - 5*h. Let z(u) = -3*b(u) + 5*k(u). What is z(-3)?
-6
Suppose 26*j + 2 = 27*j. Let h(o) = o. What is h(j)?
2
Let x(s) = s**3 + s**2 - 2*s**2 + 2*s + 5*s**2. Let m(h) = -h**3 + 5*h**2 - 4*h + 17. Let b be m(5)